e 0 = 5*g - 506 - 714. Suppose -4*w - 5*q = -g, 2*q - 7*q = 5*w - 300. Suppose 6*d + 24 = 9*d. Calculate the highest common factor of d and w.
8
Let c(s) = s**2 - 2*s + 6. Let z be c(4). Let q be z/(-8) - (-2)/(-8). Let v = 0 - q. What is the highest common divisor of v and 1?
1
Let s = -26 + 31. Let l be (0 + (-20)/(-1))/1. Suppose 2*c - l = -2*c. Calculate the greatest common factor of c and s.
5
Let t(m) = -13*m**2 - 7*m - 4. Let n be t(-4). Let w = n + 103. Let o = -57 - w. What is the greatest common factor of 16 and o?
8
Let k = -1 + 28. Let t = -10 + 37. Calculate the highest common divisor of k and t.
27
Let d be ((-16)/6)/(2 - (-133)/(-63)). What is the highest common divisor of d and 36?
12
Let h = -21 - -30. What is the greatest common divisor of h and 36?
9
Let p = 103 + -46. What is the greatest common factor of 38 and p?
19
Let v be -2 + (1/1 - (-1 - 27)). Calculate the greatest common divisor of 54 and v.
27
Suppose -2*t = -6 - 94. Let b = -3 + 6. Suppose -b*u + 5*v = -u - 20, 4*u - 4*v = 28. Calculate the highest common divisor of t and u.
5
Suppose -73*o - 18 = -74*o. Calculate the highest common factor of 36 and o.
18
Let x(k) = 6*k**2 + 5*k + 1. Let i be x(-2). Calculate the highest common divisor of i and 15.
15
Let c be (-7)/(-3) + 6/(-18). Let b = c - -20. Calculate the highest common factor of b and 88.
22
Suppose -h = 3*i - 14, 0 = i - 5*i - 2*h + 20. Calculate the greatest common factor of 2 and i.
2
Let v = -16 + 46. Calculate the highest common divisor of v and 15.
15
Suppose 0 = 10*r - 15*r + 25. What is the highest common factor of 45 and r?
5
Suppose -5*o - 70 = -10*o. Calculate the highest common factor of o and 154.
14
Suppose -2*y - 2 = -2*t, 4*t + 2*y = y + 19. Suppose 0*q + 4 = t*q. Let v be q*8 - (-3 - -3). What is the highest common factor of 40 and v?
8
Let q = 49 - 34. Let x be 30 + 5/(q/(-6)). Let o = -4 + 11. What is the highest common divisor of x and o?
7
Suppose 2*j - 20 = -f, 4*j + 8 = -0*j. Calculate the greatest common factor of f and 6.
6
Suppose -13*j + 36 = -9*j. Let u be ((143 - -1)/(-2))/(-1). Calculate the greatest common divisor of u and j.
9
Let b = -17 - -32. Let s(f) = f + 11. Let c be s(-7). Let x(d) = 3*d**3 - 3*d**2 + 4*d + 5. Let a be x(c). What is the greatest common factor of b and a?
15
Suppose 2*t - 26 = -4*x, -2*t - 3*t = 3*x - 30. Suppose t*v - 2 - 1 = 0. Calculate the greatest common divisor of 11 and v.
1
Suppose j - 3 = 4*f + 73, 0 = -5*j + 2*f + 470. Calculate the greatest common factor of 24 and j.
24
Let n(i) = -6*i**3 + 3*i**2 - 3*i + 2. Let y be n(-3). Let a = y + -65. Suppose -185 = -5*p + a. What is the highest common divisor of 8 and p?
8
Let b be 90/(-27)*24/(-10). What is the greatest common factor of b and 40?
8
Let x(n) = -n**3 + 2*n**2 + 2*n + 1. Let y be (-3)/(-2)*(-8)/6. Let t be x(y). Let a = 68 + -29. What is the highest common divisor of a and t?
13
Let b(u) = -u**2 + 2*u + 1. Let i be b(3). Let l(x) = -x**3 + x**2 - 2*x - 3. Let r be l(i). Calculate the highest common divisor of r and 26.
13
Suppose 2*v + 349 = -0*p + 5*p, p = 2*v + 73. What is the greatest common factor of 46 and p?
23
Suppose 7*s = 3*s + 48. Let u(k) = k**3 - 4*k**2 + 6*k + 5. Let a be u(5). Calculate the highest common divisor of s and a.
12
Suppose -2*k = -5*k, 2*r + k - 8 = 0. Suppose -r*h = -h - 24. Suppose 0 = -7*t + 78 - 22. What is the highest common factor of h and t?
8
Let p(r) = r - 4. Let q = -17 + 24. Let s be p(q). Suppose 12 = u + s*w, -3 - 7 = -5*w. Calculate the greatest common divisor of u and 12.
6
Suppose 3*m - 13 = -1. Let t be (-1)/(-4) + 31/m. Suppose -3*j + 5*c + t = -11, 3*c = -2*j + 19. What is the greatest common divisor of 88 and j?
8
Let f be (-6)/(-3)*91/14. What is the greatest common factor of 104 and f?
13
Let j be (-9)/(18/(-8)) + 2. What is the highest common divisor of 21 and j?
3
Suppose 0*x = -x + 7. Suppose 2*j = -b - x, 0*b + 7 = -3*j + 2*b. Let s = 21 - j. What is the greatest common factor of s and 36?
12
Let z(c) = 8*c + 8. Let u be z(7). Let l = u - 42. What is the highest common divisor of l and 2?
2
Suppose 2*t - 50 = -3*t. Let w be 18/(-4)*t/(-3). Let p(z) = 3*z**2 - 3*z - 6. Let r be p(-6). What is the highest common divisor of r and w?
15
Let g = 4 + -1. Suppose -k - 1 + g = 0. What is the highest common factor of 5 and k?
1
Suppose x - 80 = -4*j + 6, 0 = 5*x - j - 451. Calculate the highest common divisor of x and 18.
18
Let c be 3 + -3 + 2 + 3. Suppose 0 = -q + 5*w + 5, 0*q = -4*q - c*w + 45. What is the greatest common factor of q and 80?
10
Let o be 17*(-5 + 2)/(-3). What is the greatest common factor of 153 and o?
17
Let g(h) = -62*h - 2. Let y be g(-3). Calculate the highest common divisor of y and 23.
23
Let b be ((-6)/4)/(3/(-40)). What is the highest common factor of 4 and b?
4
Suppose 0*u = -5*u + 60. Suppose 0 = 2*o, 4*o = m - 0 + 3. Let a = m + u. What is the highest common factor of 9 and a?
9
Let u be (-1)/(12/9)*-20. Calculate the greatest common divisor of u and 135.
15
Suppose 34*i + 104 = 36*i. Calculate the greatest common factor of 130 and i.
26
Suppose -2*y + 13 + 163 = 0. Let c = 19 - 7. Let w = c - 1. What is the greatest common factor of y and w?
11
Suppose 0 - 6 = -2*p. Let b(l) = -l + 6. Let m be b(p). Let u be (-4)/8 + 67/2. Calculate the greatest common factor of u and m.
3
Let t(k) = -k**3 - 10*k**2 - 10*k - 6. Let d be t(-8). Let a be ((-2)/(-1) - d)/1. Calculate the greatest common factor of 8 and a.
8
Let f(b) = 2*b**2 + 6*b + 13. Let z be f(-6). Let a = z - 34. What is the highest common factor of a and 15?
15
Suppose 8 = 2*x - 2. Calculate the greatest common factor of 25 and x.
5
Suppose -l + 144 = l. Let u = -23 - -39. Suppose q - u = l. Calculate the greatest common factor of 8 and q.
8
Suppose -5*b + 4 = -371. What is the highest common divisor of 30 and b?
15
Suppose 4*g - 96 = 3*x - 6*x, 5*g + 32 = x. What is the highest common divisor of 16 and x?
16
Suppose -2*y = -5*y + 3. What is the highest common divisor of 2 and y?
1
Let m be 36/27*(-30)/(-4). Suppose 3*u = 4*u. Suppose v = -u*v + m. What is the highest common factor of v and 90?
10
Let n be 2 + 0 + 27/3. Calculate the greatest common factor of 33 and n.
11
Let s be (-4)/(-14) - (-46)/(-14). Let p be (0 - 1)/(s - -2). Let w(m) = -m**3 - 6*m**2 - m + 2. Let q be w(-6). What is the greatest common divisor of p and q?
1
Suppose 4*c + 3*w = 55, 0*c = -c + 5*w + 8. Let g(s) = 9*s**2 - 1. Let t be g(-4). What is the greatest common divisor of t and c?
13
Let j = -236 + 545. Let o = 359 - 542. Let v = j + o. Calculate the highest common factor of v and 14.
14
Suppose 0 = 5*g + k - 5, 5*k - k = -5*g - 10. Suppose g*q - 97 = 11. What is the highest common divisor of q and 36?
18
Suppose -21 = -0*p - 3*p - 3*a, 5*a - 29 = -3*p. Suppose 2*k - 7*k = -5*i + 285, -p*i + 183 = k. What is the greatest common divisor of 12 and i?
12
Let y be 4/1*(1 - (-6)/8). What is the highest common factor of 63 and y?
7
Suppose -2*p + 10 = -0. Suppose p*w - 19 = -3*s, s = 5*s - 3*w - 6. Suppose -y + s*y + 39 = 3*f, 0 = -5*y - 15. What is the highest common factor of 1 and f?
1
Let w = -5 + 32. What is the greatest common factor of 9 and w?
9
Suppose -9 = -2*q - 1. Suppose q*u - 5 - 7 = 0. Let h = 13 - u. Calculate the greatest common divisor of 90 and h.
10
Let z(p) = p**2 - 4*p - 4. Let o be z(6). Suppose 5*i - 5*w - 100 = 0, 0 = -5*i + w + 160 - 60. Calculate the greatest common divisor of i and o.
4
Suppose -4*v + 34 = 2*i, -v + 13 = -i + 3*v. Let l be 47/7 - (-2)/i. Suppose -5 = -6*k + 37. What is the highest common factor of k and l?
7
Suppose 3*v = p - 0 + 1, 2*p - 12 = -v. Suppose -3*f + 4*s + 26 = 0, 0*f + 23 = v*f + 3*s. What is the highest common factor of 90 and f?
10
Let f be (6/(-8))/(1/(-4)). Suppose -3*o - 24 = -4*o - 2*w, 0 = -f*o + 4*w + 32. What is the highest common factor of o and 2?
2
Suppose 5 = 3*q - 16. Let k be 5/20 - q/(-4). What is the highest common divisor of 2 and k?
2
Let d be (-14)/(-105) + 388/15. Calculate the highest common divisor of 286 and d.
26
Let y = -101 + 140. Calculate the highest common factor of y and 130.
13
Let g = -23 + 41. Let u be g*(-1)/((-2)/11). What is the greatest common factor of u and 9?
9
Let n = -4 - 1. Let i 